{"id":10453,"date":"2021-06-28T15:45:44","date_gmt":"2021-06-28T19:45:44","guid":{"rendered":"https:\/\/e4systemsgroup.com\/site\/?post_type=product&#038;p=10453"},"modified":"2022-11-06T06:50:21","modified_gmt":"2022-11-06T10:50:21","slug":"estabilizador-de-voltaje-trifasico-e4-systems-100kva-460v","status":"publish","type":"product","link":"https:\/\/e4systemsgroup.com\/site\/producto\/estabilizador-de-voltaje-trifasico-e4-systems-100kva-460v\/","title":{"rendered":"Estabilizador de Volt. Trif\u00e1sico <br\/> E4 SYSTEMS 100KVA 460V"},"content":{"rendered":"<div class=\"ead-preview\"><div class=\"ead-document\" style=\"position: relative;padding-top: 90%;\"><div class=\"ead-iframe-wrapper\"><iframe src=\"\/\/docs.google.com\/viewer?url=https%3A%2F%2Fe4systemsgroup.com%2Fsite%2Fwp-content%2Fuploads%2F2021%2F06%2FFicha-Tecnica-Estabilizadores-Trifasicos-5KVA-200KVA.pdf&amp;embedded=true&amp;hl=en\" title=\"Documento incrustado\" class=\"ead-iframe\" style=\"width: 100%;height: 100%;border: none;position: absolute;left: 0;top: 0;visibility: hidden;\"><\/iframe><\/div>\t\t\t<div class=\"ead-document-loading\" style=\"width:100%;height:100%;position:absolute;left:0;top:0;z-index:10;\">\n\t\t\t\t<div class=\"ead-loading-wrap\">\n\t\t\t\t\t<div class=\"ead-loading-main\">\n\t\t\t\t\t\t<div class=\"ead-loading\">\n\t\t\t\t\t\t\t<img src=\"https:\/\/e4systemsgroup.com\/site\/wp-content\/plugins\/embed-any-document\/images\/loading.svg\" width=\"55\" height=\"55\" alt=\"Cargador\">\n\t\t\t\t\t\t\t<span>Cargando...<\/span>\n\t\t\t\t\t\t<\/div>\n\t\t\t\t\t<\/div>\n\t\t\t\t\t<div class=\"ead-loading-foot\">\n\t\t\t\t\t\t<div class=\"ead-loading-foot-title\">\n\t\t\t\t\t\t\t<img src=\"https:\/\/e4systemsgroup.com\/site\/wp-content\/plugins\/embed-any-document\/images\/EAD-logo.svg\" alt=\"Logotipo de EAD\" width=\"36\" height=\"23\"\/>\n\t\t\t\t\t\t\t<span>\u00bfTarda demasiado?<\/span>\n\t\t\t\t\t\t<\/div>\n\t\t\t\t\t\t<p>\n\t\t\t\t\t\t\t<div class=\"ead-document-btn ead-reload-btn\" role=\"button\">\n\t\t\t\t\t\t\t\t<img src=\"https:\/\/e4systemsgroup.com\/site\/wp-content\/plugins\/embed-any-document\/images\/reload.svg\" alt=\"Recargar\" width=\"12\" height=\"12\"\/> Recargar el documento\t\t\t\t\t\t\t<\/div>\n\t\t\t\t\t\t\t<span>|<\/span>\n\t\t\t\t\t\t\t<a href=\"https:\/\/e4systemsgroup.com\/site\/wp-content\/uploads\/2021\/06\/Ficha-Tecnica-Estabilizadores-Trifasicos-5KVA-200KVA.pdf\" class=\"ead-document-btn\" target=\"_blank\">\n\t\t\t\t\t\t\t\t<img src=\"https:\/\/e4systemsgroup.com\/site\/wp-content\/plugins\/embed-any-document\/images\/open.svg\" alt=\"Abrir\" width=\"12\" height=\"12\"\/> Abrir en una nueva pesta\u00f1a\t\t\t\t\t\t\t<\/a>\n\t\t\t\t\t<\/div>\n\t\t\t\t<\/div>\n\t\t\t<\/div>\n\t\t<\/div><p class=\"embed_download\"><a href=\"https:\/\/e4systemsgroup.com\/site\/wp-content\/uploads\/2021\/06\/Ficha-Tecnica-Estabilizadores-Trifasicos-5KVA-200KVA.pdf\" download>Descargar [608.17 KB] <\/a><\/p><\/div>\n","protected":false},"excerpt":{"rendered":"<p>Estabilizador de Voltaje Trif\u00e1sico.<\/p>\n<ul>\n<li>E4 SYSTEMS 100KVA 440-480V<\/li>\n<li>\n<div>Estabilizador Trif\u00e1sico 100KVA VAC 3F+N<\/div>\n<div>Rango de entrada: 440-480 VAC+-20%<\/div>\n<div>Rango de salida: 440-480\u00a0 +- 3%<\/div>\n<div>Indicaci\u00f3n digital<\/div>\n<div>Protecci\u00f3n por alto y bajo voltaje, sobre corriente, inversi\u00f3n<\/div>\n<div>de fases<\/div>\n<\/li>\n<\/ul>\n","protected":false},"featured_media":10581,"template":"","meta":[],"product_cat":[191,210],"product_tag":[],"yoast_head":"<!-- This site is optimized with the Yoast SEO plugin v16.5 - https:\/\/yoast.com\/wordpress\/plugins\/seo\/ -->\n<title>Estabilizador de Volt. Trif\u00e1sico | E4 SYSTEMS 100KVA 460V - E4 SYSTEMS GROUP<\/title>\n<meta name=\"robots\" content=\"index, follow, max-snippet:-1, max-image-preview:large, max-video-preview:-1\" \/>\n<link rel=\"canonical\" href=\"https:\/\/e4systemsgroup.com\/site\/producto\/estabilizador-de-voltaje-trifasico-e4-systems-100kva-460v\/\" \/>\n<meta property=\"og:locale\" content=\"es_ES\" \/>\n<meta property=\"og:type\" content=\"article\" \/>\n<meta property=\"og:title\" content=\"Estabilizador de Volt. Trif\u00e1sico | E4 SYSTEMS 100KVA 460V - E4 SYSTEMS GROUP\" \/>\n<meta property=\"og:description\" content=\"Estabilizador de Voltaje Trif\u00e1sico.   E4 SYSTEMS 100KVA 440-480V   Estabilizador Trif\u00e1sico 100KVA VAC 3F+N Rango de entrada: 440-480 VAC+-20% Rango de salida: 440-480\u00a0 +- 3% Indicaci\u00f3n digital Protecci\u00f3n por alto y bajo voltaje, sobre corriente, inversi\u00f3n de fases\" \/>\n<meta property=\"og:url\" content=\"https:\/\/e4systemsgroup.com\/site\/producto\/estabilizador-de-voltaje-trifasico-e4-systems-100kva-460v\/\" \/>\n<meta property=\"og:site_name\" content=\"E4 SYSTEMS GROUP\" \/>\n<meta property=\"article:modified_time\" content=\"2022-11-06T10:50:21+00:00\" \/>\n<meta property=\"og:image\" content=\"https:\/\/e4systemsgroup.com\/site\/wp-content\/uploads\/2021\/06\/Estabilizador_de_Voltaje_Trifasico_E4-SYSTEMS_100KVA_460V.jpg\" \/>\n\t<meta property=\"og:image:width\" content=\"368\" \/>\n\t<meta property=\"og:image:height\" content=\"342\" \/>\n<meta name=\"twitter:card\" content=\"summary\" \/>\n<meta name=\"twitter:label1\" content=\"Tiempo de lectura\" \/>\n\t<meta name=\"twitter:data1\" content=\"1 minuto\" \/>\n<script type=\"application\/ld+json\" class=\"yoast-schema-graph\">{\"@context\":\"https:\/\/schema.org\",\"@graph\":[{\"@type\":\"Organization\",\"@id\":\"https:\/\/e4systemsgroup.com\/site\/#organization\",\"name\":\"E4 SYSTEMS GROUP\",\"url\":\"https:\/\/e4systemsgroup.com\/site\/\",\"sameAs\":[],\"logo\":{\"@type\":\"ImageObject\",\"@id\":\"https:\/\/e4systemsgroup.com\/site\/#logo\",\"inLanguage\":\"es\",\"url\":\"\",\"contentUrl\":\"\",\"caption\":\"E4 SYSTEMS GROUP\"},\"image\":{\"@id\":\"https:\/\/e4systemsgroup.com\/site\/#logo\"}},{\"@type\":\"WebSite\",\"@id\":\"https:\/\/e4systemsgroup.com\/site\/#website\",\"url\":\"https:\/\/e4systemsgroup.com\/site\/\",\"name\":\"E4 SYSTEMS GROUP\",\"description\":\"http:\/\/www.e4systemsgroup.com\",\"publisher\":{\"@id\":\"https:\/\/e4systemsgroup.com\/site\/#organization\"},\"potentialAction\":[{\"@type\":\"SearchAction\",\"target\":\"https:\/\/e4systemsgroup.com\/site\/?s={search_term_string}\",\"query-input\":\"required name=search_term_string\"}],\"inLanguage\":\"es\"},{\"@type\":\"ImageObject\",\"@id\":\"https:\/\/e4systemsgroup.com\/site\/producto\/estabilizador-de-voltaje-trifasico-e4-systems-100kva-460v\/#primaryimage\",\"inLanguage\":\"es\",\"url\":\"https:\/\/e4systemsgroup.com\/site\/wp-content\/uploads\/2021\/06\/Estabilizador_de_Voltaje_Trifasico_E4-SYSTEMS_100KVA_460V.jpg\",\"contentUrl\":\"https:\/\/e4systemsgroup.com\/site\/wp-content\/uploads\/2021\/06\/Estabilizador_de_Voltaje_Trifasico_E4-SYSTEMS_100KVA_460V.jpg\",\"width\":368,\"height\":342},{\"@type\":\"WebPage\",\"@id\":\"https:\/\/e4systemsgroup.com\/site\/producto\/estabilizador-de-voltaje-trifasico-e4-systems-100kva-460v\/#webpage\",\"url\":\"https:\/\/e4systemsgroup.com\/site\/producto\/estabilizador-de-voltaje-trifasico-e4-systems-100kva-460v\/\",\"name\":\"Estabilizador de Volt. Trif\\u00e1sico | E4 SYSTEMS 100KVA 460V - E4 SYSTEMS GROUP\",\"isPartOf\":{\"@id\":\"https:\/\/e4systemsgroup.com\/site\/#website\"},\"primaryImageOfPage\":{\"@id\":\"https:\/\/e4systemsgroup.com\/site\/producto\/estabilizador-de-voltaje-trifasico-e4-systems-100kva-460v\/#primaryimage\"},\"datePublished\":\"2021-06-28T19:45:44+00:00\",\"dateModified\":\"2022-11-06T10:50:21+00:00\",\"breadcrumb\":{\"@id\":\"https:\/\/e4systemsgroup.com\/site\/producto\/estabilizador-de-voltaje-trifasico-e4-systems-100kva-460v\/#breadcrumb\"},\"inLanguage\":\"es\",\"potentialAction\":[{\"@type\":\"ReadAction\",\"target\":[\"https:\/\/e4systemsgroup.com\/site\/producto\/estabilizador-de-voltaje-trifasico-e4-systems-100kva-460v\/\"]}]},{\"@type\":\"BreadcrumbList\",\"@id\":\"https:\/\/e4systemsgroup.com\/site\/producto\/estabilizador-de-voltaje-trifasico-e4-systems-100kva-460v\/#breadcrumb\",\"itemListElement\":[{\"@type\":\"ListItem\",\"position\":1,\"name\":\"Portada\",\"item\":\"https:\/\/e4systemsgroup.com\/site\/\"},{\"@type\":\"ListItem\",\"position\":2,\"name\":\"Categor\\u00edas\",\"item\":\"https:\/\/e4systemsgroup.com\/site\/productos\/\"},{\"@type\":\"ListItem\",\"position\":3,\"name\":\"Estabilizador de Volt. Trif\\u00e1sico E4 SYSTEMS 100KVA 460V\"}]}]}<\/script>\n<!-- \/ Yoast SEO plugin. -->","_links":{"self":[{"href":"https:\/\/e4systemsgroup.com\/site\/wp-json\/wp\/v2\/product\/10453"}],"collection":[{"href":"https:\/\/e4systemsgroup.com\/site\/wp-json\/wp\/v2\/product"}],"about":[{"href":"https:\/\/e4systemsgroup.com\/site\/wp-json\/wp\/v2\/types\/product"}],"wp:featuredmedia":[{"embeddable":true,"href":"https:\/\/e4systemsgroup.com\/site\/wp-json\/wp\/v2\/media\/10581"}],"wp:attachment":[{"href":"https:\/\/e4systemsgroup.com\/site\/wp-json\/wp\/v2\/media?parent=10453"}],"wp:term":[{"taxonomy":"product_cat","embeddable":true,"href":"https:\/\/e4systemsgroup.com\/site\/wp-json\/wp\/v2\/product_cat?post=10453"},{"taxonomy":"product_tag","embeddable":true,"href":"https:\/\/e4systemsgroup.com\/site\/wp-json\/wp\/v2\/product_tag?post=10453"}],"curies":[{"name":"wp","href":"https:\/\/api.w.org\/{rel}","templated":true}]}}