{"id":5471,"date":"2019-10-18T10:24:42","date_gmt":"2019-10-18T14:24:42","guid":{"rendered":"https:\/\/e4systemsgroup.com\/site\/?page_id=5471"},"modified":"2021-10-31T16:59:59","modified_gmt":"2021-10-31T20:59:59","slug":"home","status":"publish","type":"page","link":"https:\/\/e4systemsgroup.com\/site\/home\/","title":{"rendered":"Home"},"content":{"rendered":"<div id=\"pl-5471\"  class=\"panel-layout\" ><div id=\"pg-5471-0\"  class=\"panel-grid panel-no-style\" ><div id=\"pgc-5471-0-0\"  class=\"panel-grid-cell panel-grid-cell-empty\" ><\/div><\/div><div id=\"pg-5471-1\"  class=\"panel-grid panel-has-style\" ><div class=\"siteorigin-panels-stretch panel-row-style panel-row-style-for-5471-1\" data-stretch-type=\"full\" ><div id=\"pgc-5471-1-0\"  class=\"panel-grid-cell\" ><div id=\"panel-5471-1-0-0\" class=\"so-panel widget widget_sow-editor panel-first-child\" data-index=\"0\" ><div class=\"so-widget-sow-editor so-widget-sow-editor-base\">\n<div class=\"siteorigin-widget-tinymce textwidget\">\n\t<h3 style=\"text-align: center; margin-top: 0; margin-bottom: 0;\"><span style=\"color: #ffffff;\">La Mejor Tecnolog\u00eda<\/span><\/h3>\n<p align=\"center\">\n<span style=\"color: #ffffff;\">PLC <\/span> <span style=\"color: #7db7fd; font-family: Arial;\">&#9679;<\/span><span style=\"color: #ffffff;\"> Variadores de Frecuencia, Arrancadores Suaves <\/span> <span style=\"color: #7db7fd; font-family: Arial;\">&#9679;<\/span><span style=\"color: #ffffff;\"> Instrumentaci\u00f3n V\u00e1lvula con Actuadores Neum\u00e1ticos<\/span><br \/>\n<span style=\"color: #ffffff;\">Cilindros y Componentes Neum\u00e1ticos <\/span> <span style=\"color: #7db7fd; font-family: Arial;\">&#9679;<\/span><span style=\"color: #ffffff;\"> V\u00e1lvulas Solenoides <\/span> <span style=\"color: #7db7fd; font-family: Arial;\">&#9679;<\/span><span style=\"color: #ffffff;\"> Electro v\u00e1lvulas <\/span> <span style=\"color: #7db7fd; font-family: Arial;\">&#9679;<\/span><span style=\"color: #ffffff;\"> Sistema SCADA, HMI <\/span> <span style=\"color: #7db7fd; font-family: Arial;\">&#9679;<\/span><span style=\"color: #ffffff;\"> Analizadores <\/span> <span style=\"color: #7db7fd; font-family: Arial;\">&#9679;<\/span><span style=\"color: #ffffff;\"> Control<\/span><\/p>\n<\/div>\n<\/div><\/div><div id=\"panel-5471-1-0-1\" class=\"so-panel widget widget_siteorigin-panels-builder\" data-index=\"1\" ><div id=\"pl-w60bcfa305874f\"  class=\"panel-layout\" ><div id=\"pg-w60bcfa305874f-0\"  class=\"panel-grid panel-no-style\" ><div id=\"pgc-w60bcfa305874f-0-0\"  class=\"panel-grid-cell\" ><div id=\"panel-w60bcfa305874f-0-0-0\" class=\"so-panel widget widget_sow-editor panel-first-child panel-last-child\" data-index=\"0\" ><div class=\"so-widget-sow-editor so-widget-sow-editor-base\">\n<div class=\"siteorigin-widget-tinymce textwidget\">\n\t<div class=\"shine wppe-hover\">\n<p align=\"center\"><img loading=\"lazy\" class=\"aligncenter\" style=\"border: 0px solid #000000;\" src=\"https:\/\/e4systemsgroup.com\/site\/wp-content\/uploads\/2021\/06\/ICONO_01.png\" alt=\"\" width=\"296\" height=\"130\" \/><\/p>\n<\/div>\n<p style=\"margin-top: 0; margin-bottom: 0; \" align=\"center\">\n<font face=\"Arial\" style=\"font-size: 17pt\" color=\"#7DB7FD\">Ofrecemos productos<\/font><\/p>\n<p style=\"margin-top: 0; margin-bottom: 0; \" align=\"center\">\n<font face=\"Arial\" style=\"font-size: 17pt\" color=\"#7DB7FD\">de \u00faltima generaci\u00f3n<\/font><\/p>\n<\/div>\n<\/div><\/div><\/div><div id=\"pgc-w60bcfa305874f-0-1\"  class=\"panel-grid-cell\" ><div id=\"panel-w60bcfa305874f-0-1-0\" class=\"so-panel widget widget_sow-editor panel-first-child panel-last-child\" data-index=\"1\" ><div class=\"so-widget-sow-editor so-widget-sow-editor-base\">\n<div class=\"siteorigin-widget-tinymce textwidget\">\n\t<div class=\"shine wppe-hover\">\n<p align=\"center\"><img loading=\"lazy\" class=\"aligncenter\" style=\"border: 0px solid #000000;\" src=\"https:\/\/e4systemsgroup.com\/site\/wp-content\/uploads\/2021\/06\/ICONO_02.png\" alt=\"\" width=\"296\" height=\"130\" \/><\/p>\n<\/div>\n<p style=\"margin-top: 0; margin-bottom: 0; \" align=\"center\">\n<font face=\"Arial\" style=\"font-size: 17pt\" color=\"#7DB7FD\">Nuestro personal est\u00e1<\/font><\/p>\n<p style=\"margin-top: 0; margin-bottom: 0; \" align=\"center\">\n<font face=\"Arial\" style=\"font-size: 17pt\" color=\"#7DB7FD\">dispuesto a ayudarle<\/font><\/p>\n<\/div>\n<\/div><\/div><\/div><div id=\"pgc-w60bcfa305874f-0-2\"  class=\"panel-grid-cell\" ><div id=\"panel-w60bcfa305874f-0-2-0\" class=\"so-panel widget widget_sow-editor panel-first-child panel-last-child\" data-index=\"2\" ><div class=\"so-widget-sow-editor so-widget-sow-editor-base\">\n<div class=\"siteorigin-widget-tinymce textwidget\">\n\t<div class=\"shine wppe-hover\">\n<p align=\"center\"><img loading=\"lazy\" class=\"aligncenter\" style=\"border: 0px solid #000000;\" src=\"https:\/\/e4systemsgroup.com\/site\/wp-content\/uploads\/2021\/06\/ICONO_03.png\" alt=\"\" width=\"296\" height=\"130\" \/><\/p>\n<\/div>\n<p style=\"margin-top: 0; margin-bottom: 0; \" align=\"center\">\n<font face=\"Arial\" style=\"font-size: 17pt\" color=\"#7DB7FD\">Nuestra infraestructura<\/font><\/p>\n<p style=\"margin-top: 0; margin-bottom: 0; \" align=\"center\">\n<font face=\"Arial\" style=\"font-size: 17pt\" color=\"#7DB7FD\">est\u00e1 a su servicio<\/font><\/p>\n<\/div>\n<\/div><\/div><\/div><div id=\"pgc-w60bcfa305874f-0-3\"  class=\"panel-grid-cell\" ><div id=\"panel-w60bcfa305874f-0-3-0\" class=\"so-panel widget widget_sow-editor panel-first-child panel-last-child\" data-index=\"3\" ><div class=\"so-widget-sow-editor so-widget-sow-editor-base\">\n<div class=\"siteorigin-widget-tinymce textwidget\">\n\t<div class=\"shine wppe-hover\">\n<p align=\"center\"><img loading=\"lazy\" class=\"aligncenter\" style=\"border: 0px solid #000000;\" src=\"https:\/\/e4systemsgroup.com\/site\/wp-content\/uploads\/2021\/06\/ICONO_04.png\" alt=\"\" width=\"296\" height=\"130\" \/><\/p>\n<\/div>\n<p style=\"margin-top: 0; margin-bottom: 0; \" align=\"center\">\n<font face=\"Arial\" style=\"font-size: 17pt\" color=\"#7DB7FD\">Cont\u00e1ctenos y le daremos<\/font><\/p>\n<p style=\"margin-top: 0; margin-bottom: 0; \" align=\"center\">\n<font face=\"Arial\" style=\"font-size: 17pt\" color=\"#7DB7FD\">el debido soporte<\/font><\/p>\n<\/div>\n<\/div><\/div><\/div><\/div><\/div><\/div><div id=\"panel-5471-1-0-2\" class=\"so-panel widget widget_siteorigin-panels-builder panel-last-child\" data-index=\"2\" ><div id=\"pl-w60bd2f210021b\"  class=\"panel-layout\" ><div id=\"pg-w60bd2f210021b-0\"  class=\"panel-grid panel-no-style\" ><div id=\"pgc-w60bd2f210021b-0-0\"  class=\"panel-grid-cell\" ><div id=\"panel-w60bd2f210021b-0-0-0\" class=\"so-panel widget widget_sow-editor panel-first-child panel-last-child\" data-index=\"0\" ><div class=\"so-widget-sow-editor so-widget-sow-editor-base\">\n<div class=\"siteorigin-widget-tinymce textwidget\">\n\t<div class=\"shine wppe-hover\">\n<p align=\"center\"><img loading=\"lazy\" class=\"aligncenter\" style=\"border: 0px solid #000000;\" src=\"https:\/\/e4systemsgroup.com\/site\/wp-content\/uploads\/2021\/06\/FOTO_ART_01.jpg\" alt=\"\" width=\"315\" height=\"200\" \/><\/p>\n<\/div>\n<\/div>\n<\/div><\/div><\/div><div id=\"pgc-w60bd2f210021b-0-1\"  class=\"panel-grid-cell\" ><div id=\"panel-w60bd2f210021b-0-1-0\" class=\"so-panel widget widget_sow-editor panel-first-child panel-last-child\" data-index=\"1\" ><div class=\"so-widget-sow-editor so-widget-sow-editor-base\">\n<div class=\"siteorigin-widget-tinymce textwidget\">\n\t<div class=\"shine wppe-hover\">\n<p align=\"center\"><img loading=\"lazy\" class=\"aligncenter\" style=\"border: 0px solid #000000;\" src=\"https:\/\/e4systemsgroup.com\/site\/wp-content\/uploads\/2021\/06\/FOTO_ART_02.jpg\" alt=\"\" width=\"315\" height=\"200\" \/><\/p>\n<\/div>\n<\/div>\n<\/div><\/div><\/div><div id=\"pgc-w60bd2f210021b-0-2\"  class=\"panel-grid-cell\" ><div id=\"panel-w60bd2f210021b-0-2-0\" class=\"so-panel widget widget_sow-editor panel-first-child panel-last-child\" data-index=\"2\" ><div class=\"so-widget-sow-editor so-widget-sow-editor-base\">\n<div class=\"siteorigin-widget-tinymce textwidget\">\n\t<div class=\"shine wppe-hover\">\n<p align=\"center\"><img loading=\"lazy\" class=\"aligncenter\" style=\"border: 0px solid #000000;\" src=\"https:\/\/e4systemsgroup.com\/site\/wp-content\/uploads\/2021\/06\/FOTO_ART_03.jpg\" alt=\"\" width=\"315\" height=\"200\" \/><\/p>\n<\/div>\n<\/div>\n<\/div><\/div><\/div><div id=\"pgc-w60bd2f210021b-0-3\"  class=\"panel-grid-cell\" ><div id=\"panel-w60bd2f210021b-0-3-0\" class=\"so-panel widget widget_sow-editor panel-first-child panel-last-child\" data-index=\"3\" ><div class=\"so-widget-sow-editor so-widget-sow-editor-base\">\n<div class=\"siteorigin-widget-tinymce textwidget\">\n\t<div class=\"shine wppe-hover\">\n<p align=\"center\"><img loading=\"lazy\" class=\"aligncenter\" style=\"border: 0px solid #000000;\" src=\"https:\/\/e4systemsgroup.com\/site\/wp-content\/uploads\/2021\/06\/FOTO_ART_04.jpg\" alt=\"\" width=\"315\" height=\"200\" \/><\/p>\n<\/div>\n<\/div>\n<\/div><\/div><\/div><\/div><\/div><\/div><\/div><\/div><\/div><div id=\"pg-5471-2\"  class=\"panel-grid panel-has-style\" ><div class=\"siteorigin-panels-stretch panel-row-style panel-row-style-for-5471-2\" data-stretch-type=\"full\" ><div id=\"pgc-5471-2-0\"  class=\"panel-grid-cell\" ><div id=\"panel-5471-2-0-0\" class=\"so-panel widget widget_sow-editor panel-first-child\" data-index=\"3\" ><div class=\"so-widget-sow-editor so-widget-sow-editor-base\">\n<div class=\"siteorigin-widget-tinymce textwidget\">\n\t<h4 style=\"text-align: center; margin-top: 0px; margin-bottom: 0px;\"><span style=\"color: #ffffff;\">Nuestra empresa se dedica a la venta de soluciones integrales para<\/span><\/h4>\n<h4 style=\"text-align: center; margin-top: 0px; margin-bottom: 0px;\"><span style=\"color: #ffffff;\">la optimizaci\u00f3n de los procesos industriales.<\/span><\/h4>\n<\/div>\n<\/div><\/div><div id=\"panel-5471-2-0-1\" class=\"so-panel widget widget_sow-button panel-last-child\" data-index=\"4\" ><div class=\"so-widget-sow-button so-widget-sow-button-wire-06330324aa37-5471\"><div class=\"ow-button-base ow-button-align-center\">\n\t<a href=\"https:\/\/e4systemsgroup.com\/site\/site\/contactenos\/\" class=\"ow-icon-placement-left ow-button-hover\" \t\t>\n\t\t<span>\n\t\t\t\n\t\t\tCont\u00e1ctenos\t\t<\/span>\n\t<\/a>\n<\/div>\n<\/div><\/div><\/div><\/div><\/div><div id=\"pg-5471-3\"  class=\"panel-grid panel-no-style\" ><div id=\"pgc-5471-3-0\"  class=\"panel-grid-cell\" ><div id=\"panel-5471-3-0-0\" class=\"so-panel widget widget_sow-editor panel-first-child\" data-index=\"5\" ><div class=\"so-widget-sow-editor so-widget-sow-editor-base\">\n<div class=\"siteorigin-widget-tinymce textwidget\">\n\t<h3 style=\"text-align: center;\"><span style=\"color: #808080;\">Marcas Aliadas<\/span><\/h3>\n<\/div>\n<\/div><\/div><div id=\"panel-5471-3-0-1\" class=\"so-panel widget widget_sow-editor panel-last-child\" data-index=\"6\" ><div class=\"so-widget-sow-editor so-widget-sow-editor-base\">\n<div class=\"siteorigin-widget-tinymce textwidget\">\n\t\n\t<div class=\"gs_logo_area gs_logo_area_69fc455123e72 slider1\">\n\t\t<div class=\"gs_logo_area--inner\">\n\n\t\t\t\n<div class=\"gs_logo_container gs_carousel_swiper gs_logo_fix_height_and_center\" data-carousel-config='{\"direction\":\"horizontal\",\"speed\":500,\"isAutoplay\":true,\"autoplayDelay\":2000,\"loop\":true,\"pauseOnHover\":true,\"ticker\":false,\"navs\":false,\"dots\":false,\"dynamic_dots\":true,\"slideSpace\":10,\"slidesPerGroup\":1,\"desktopLogos\":5,\"tabletLogos\":3,\"mobileLogos\":2}'>\n\n\t\n\t\t\n\t\t\t<div class=\"gs_logo_single--wrapper\">\n\t\t\t\t<div class=\"gs_logo_single\">\n\n\t\t\t\t\t<!-- Logo Title -->\n\t\t\t\t\t<img class=\" \" src=\"https:\/\/e4systemsgroup.com\/site\/wp-content\/uploads\/2021\/06\/WEG.jpg\" alt=\"\" title=\"WEG\" \/>\n\t\t\t\t\t<!-- Logo Title -->\n\t\t\t\t\t\t\t\t\t\t\n\t\t\t\t<\/div>\n\t\t\t<\/div>\n\n\t\t\n\t\t\t<div class=\"gs_logo_single--wrapper\">\n\t\t\t\t<div class=\"gs_logo_single\">\n\n\t\t\t\t\t<!-- Logo Title -->\n\t\t\t\t\t<img class=\" \" src=\"https:\/\/e4systemsgroup.com\/site\/wp-content\/uploads\/2021\/06\/ABB.jpg\" alt=\"\" title=\"ABB\" \/>\n\t\t\t\t\t<!-- Logo Title -->\n\t\t\t\t\t\t\t\t\t\t\n\t\t\t\t<\/div>\n\t\t\t<\/div>\n\n\t\t\n\t\t\t<div class=\"gs_logo_single--wrapper\">\n\t\t\t\t<div class=\"gs_logo_single\">\n\n\t\t\t\t\t<!-- Logo Title -->\n\t\t\t\t\t<img class=\" \" src=\"https:\/\/e4systemsgroup.com\/site\/wp-content\/uploads\/2021\/06\/WIKA.jpg\" alt=\"\" title=\"WIKA\" \/>\n\t\t\t\t\t<!-- Logo Title -->\n\t\t\t\t\t\t\t\t\t\t\n\t\t\t\t<\/div>\n\t\t\t<\/div>\n\n\t\t\n\t\t\t<div class=\"gs_logo_single--wrapper\">\n\t\t\t\t<div class=\"gs_logo_single\">\n\n\t\t\t\t\t<!-- Logo Title -->\n\t\t\t\t\t<img class=\" \" src=\"https:\/\/e4systemsgroup.com\/site\/wp-content\/uploads\/2021\/06\/EVINSYS.jpg\" alt=\"\" title=\"EVINSYS\" \/>\n\t\t\t\t\t<!-- Logo Title -->\n\t\t\t\t\t\t\t\t\t\t\n\t\t\t\t<\/div>\n\t\t\t<\/div>\n\n\t\t\n\t\t\t<div class=\"gs_logo_single--wrapper\">\n\t\t\t\t<div class=\"gs_logo_single\">\n\n\t\t\t\t\t<!-- Logo Title -->\n\t\t\t\t\t<img class=\" \" src=\"https:\/\/e4systemsgroup.com\/site\/wp-content\/uploads\/2021\/06\/ROCKWELL.jpg\" alt=\"\" title=\"ROCKWELL\" \/>\n\t\t\t\t\t<!-- Logo Title -->\n\t\t\t\t\t\t\t\t\t\t\n\t\t\t\t<\/div>\n\t\t\t<\/div>\n\n\t\t\n\t\t\t<div class=\"gs_logo_single--wrapper\">\n\t\t\t\t<div class=\"gs_logo_single\">\n\n\t\t\t\t\t<!-- Logo Title -->\n\t\t\t\t\t<img class=\" \" src=\"https:\/\/e4systemsgroup.com\/site\/wp-content\/uploads\/2021\/06\/SIEMENS.jpg\" alt=\"\" title=\"SIEMENS\" \/>\n\t\t\t\t\t<!-- Logo Title -->\n\t\t\t\t\t\t\t\t\t\t\n\t\t\t\t<\/div>\n\t\t\t<\/div>\n\n\t\t\n\t\t\t<div class=\"gs_logo_single--wrapper\">\n\t\t\t\t<div class=\"gs_logo_single\">\n\n\t\t\t\t\t<!-- Logo Title -->\n\t\t\t\t\t<img class=\" \" src=\"https:\/\/e4systemsgroup.com\/site\/wp-content\/uploads\/2021\/06\/SCHNEIDER.jpg\" alt=\"\" title=\"SCHNEIDER\" \/>\n\t\t\t\t\t<!-- Logo Title -->\n\t\t\t\t\t\t\t\t\t\t\n\t\t\t\t<\/div>\n\t\t\t<\/div>\n\n\t\t\t\t\n\t\n<\/div>\n\t\t<\/div>\n\t<\/div>\n\n\t\n<\/div>\n<\/div><\/div><\/div><\/div><div id=\"pg-5471-4\"  class=\"panel-grid panel-has-style\" ><div class=\"siteorigin-panels-stretch panel-row-style panel-row-style-for-5471-4\" data-stretch-type=\"full\" ><div id=\"pgc-5471-4-0\"  class=\"panel-grid-cell\" ><div id=\"panel-5471-4-0-0\" class=\"so-panel widget widget_sow-image panel-first-child panel-last-child\" data-index=\"7\" ><div class=\"so-widget-sow-image so-widget-sow-image-default-4b231843ec72-10149\">\n\n<div class=\"sow-image-container\">\n\t\t<img src=\"https:\/\/e4systemsgroup.com\/site\/wp-content\/uploads\/2021\/06\/ARTE_INFERIOR_HOME.jpg\" width=\"1261\" height=\"370\" srcset=\"https:\/\/e4systemsgroup.com\/site\/wp-content\/uploads\/2021\/06\/ARTE_INFERIOR_HOME.jpg 1261w, https:\/\/e4systemsgroup.com\/site\/wp-content\/uploads\/2021\/06\/ARTE_INFERIOR_HOME-280x82.jpg 280w, https:\/\/e4systemsgroup.com\/site\/wp-content\/uploads\/2021\/06\/ARTE_INFERIOR_HOME-600x176.jpg 600w, https:\/\/e4systemsgroup.com\/site\/wp-content\/uploads\/2021\/06\/ARTE_INFERIOR_HOME-300x88.jpg 300w, https:\/\/e4systemsgroup.com\/site\/wp-content\/uploads\/2021\/06\/ARTE_INFERIOR_HOME-1024x300.jpg 1024w\" sizes=\"(max-width: 1261px) 100vw, 1261px\" alt=\"\" loading=\"lazy\" \t\tclass=\"so-widget-image\"\/>\n\t<\/div>\n\n<\/div><\/div><\/div><\/div><\/div><\/div>","protected":false},"excerpt":{"rendered":"<p>La Mejor Tecnolog\u00eda PLC &#9679; Variadores de Frecuencia, Arrancadores Suaves &#9679; Instrumentaci\u00f3n V\u00e1lvula con Actuadores Neum\u00e1ticos Cilindros y Componentes Neum\u00e1ticos &#9679; V\u00e1lvulas Solenoides &#9679; Electro v\u00e1lvulas &#9679; Sistema SCADA, HMI &#9679; Analizadores &#9679; Control Ofrecemos productos de \u00faltima generaci\u00f3n Nuestro personal est\u00e1 dispuesto a ayudarle Nuestra infraestructura est\u00e1 a su servicio Cont\u00e1ctenos y le daremos [&hellip;]<\/p>\n","protected":false},"author":4,"featured_media":0,"parent":0,"menu_order":0,"comment_status":"closed","ping_status":"closed","template":"","meta":[],"yoast_head":"<!-- This site is optimized with the Yoast SEO plugin v16.5 - https:\/\/yoast.com\/wordpress\/plugins\/seo\/ -->\n<title>E4 SYSTEMS GROUP<\/title>\n<meta name=\"description\" content=\"Somos una empresa dedicada a proveer alternativas tecnol\u00f3gicas en el \u00e1rea de proyectos, servicios y venta de instrumentaci\u00f3n y automatizaci\u00f3n industrial.\" \/>\n<meta name=\"robots\" content=\"index, follow, max-snippet:-1, max-image-preview:large, max-video-preview:-1\" \/>\n<link rel=\"canonical\" href=\"https:\/\/e4systemsgroup.com\/site\/home\/\" \/>\n<meta property=\"og:locale\" content=\"es_ES\" \/>\n<meta property=\"og:type\" content=\"article\" \/>\n<meta property=\"og:title\" content=\"E4 SYSTEMS GROUP\" \/>\n<meta property=\"og:description\" content=\"Somos una empresa dedicada a proveer alternativas tecnol\u00f3gicas en el \u00e1rea de proyectos, servicios y venta de instrumentaci\u00f3n y automatizaci\u00f3n industrial.\" \/>\n<meta property=\"og:url\" content=\"https:\/\/e4systemsgroup.com\/site\/home\/\" \/>\n<meta property=\"og:site_name\" content=\"E4 SYSTEMS GROUP\" \/>\n<meta property=\"article:modified_time\" content=\"2021-10-31T20:59:59+00:00\" \/>\n<meta property=\"og:image\" content=\"https:\/\/e4systemsgroup.com\/site\/wp-content\/uploads\/2021\/06\/ICONO_01.png\" \/>\n<meta name=\"twitter:card\" content=\"summary\" \/>\n<meta name=\"twitter:label1\" content=\"Tiempo de lectura\" \/>\n\t<meta name=\"twitter:data1\" content=\"2 minutos\" \/>\n<script type=\"application\/ld+json\" class=\"yoast-schema-graph\">{\"@context\":\"https:\/\/schema.org\",\"@graph\":[{\"@type\":\"Organization\",\"@id\":\"https:\/\/e4systemsgroup.com\/site\/#organization\",\"name\":\"E4 SYSTEMS GROUP\",\"url\":\"https:\/\/e4systemsgroup.com\/site\/\",\"sameAs\":[],\"logo\":{\"@type\":\"ImageObject\",\"@id\":\"https:\/\/e4systemsgroup.com\/site\/#logo\",\"inLanguage\":\"es\",\"url\":\"\",\"contentUrl\":\"\",\"caption\":\"E4 SYSTEMS GROUP\"},\"image\":{\"@id\":\"https:\/\/e4systemsgroup.com\/site\/#logo\"}},{\"@type\":\"WebSite\",\"@id\":\"https:\/\/e4systemsgroup.com\/site\/#website\",\"url\":\"https:\/\/e4systemsgroup.com\/site\/\",\"name\":\"E4 SYSTEMS GROUP\",\"description\":\"http:\/\/www.e4systemsgroup.com\",\"publisher\":{\"@id\":\"https:\/\/e4systemsgroup.com\/site\/#organization\"},\"potentialAction\":[{\"@type\":\"SearchAction\",\"target\":\"https:\/\/e4systemsgroup.com\/site\/?s={search_term_string}\",\"query-input\":\"required name=search_term_string\"}],\"inLanguage\":\"es\"},{\"@type\":\"ImageObject\",\"@id\":\"https:\/\/e4systemsgroup.com\/site\/home\/#primaryimage\",\"inLanguage\":\"es\",\"url\":\"https:\/\/e4systemsgroup.com\/site\/wp-content\/uploads\/2021\/06\/ICONO_01.png\",\"contentUrl\":\"https:\/\/e4systemsgroup.com\/site\/wp-content\/uploads\/2021\/06\/ICONO_01.png\",\"width\":296,\"height\":130},{\"@type\":\"WebPage\",\"@id\":\"https:\/\/e4systemsgroup.com\/site\/home\/#webpage\",\"url\":\"https:\/\/e4systemsgroup.com\/site\/home\/\",\"name\":\"E4 SYSTEMS GROUP\",\"isPartOf\":{\"@id\":\"https:\/\/e4systemsgroup.com\/site\/#website\"},\"primaryImageOfPage\":{\"@id\":\"https:\/\/e4systemsgroup.com\/site\/home\/#primaryimage\"},\"datePublished\":\"2019-10-18T14:24:42+00:00\",\"dateModified\":\"2021-10-31T20:59:59+00:00\",\"description\":\"Somos una empresa dedicada a proveer alternativas tecnol\\u00f3gicas en el \\u00e1rea de proyectos, servicios y venta de instrumentaci\\u00f3n y automatizaci\\u00f3n industrial.\",\"breadcrumb\":{\"@id\":\"https:\/\/e4systemsgroup.com\/site\/home\/#breadcrumb\"},\"inLanguage\":\"es\",\"potentialAction\":[{\"@type\":\"ReadAction\",\"target\":[\"https:\/\/e4systemsgroup.com\/site\/home\/\"]}]},{\"@type\":\"BreadcrumbList\",\"@id\":\"https:\/\/e4systemsgroup.com\/site\/home\/#breadcrumb\",\"itemListElement\":[{\"@type\":\"ListItem\",\"position\":1,\"name\":\"Portada\",\"item\":\"https:\/\/e4systemsgroup.com\/site\/\"},{\"@type\":\"ListItem\",\"position\":2,\"name\":\"Home\"}]}]}<\/script>\n<!-- \/ Yoast SEO plugin. -->","_links":{"self":[{"href":"https:\/\/e4systemsgroup.com\/site\/wp-json\/wp\/v2\/pages\/5471"}],"collection":[{"href":"https:\/\/e4systemsgroup.com\/site\/wp-json\/wp\/v2\/pages"}],"about":[{"href":"https:\/\/e4systemsgroup.com\/site\/wp-json\/wp\/v2\/types\/page"}],"author":[{"embeddable":true,"href":"https:\/\/e4systemsgroup.com\/site\/wp-json\/wp\/v2\/users\/4"}],"replies":[{"embeddable":true,"href":"https:\/\/e4systemsgroup.com\/site\/wp-json\/wp\/v2\/comments?post=5471"}],"version-history":[{"count":0,"href":"https:\/\/e4systemsgroup.com\/site\/wp-json\/wp\/v2\/pages\/5471\/revisions"}],"wp:attachment":[{"href":"https:\/\/e4systemsgroup.com\/site\/wp-json\/wp\/v2\/media?parent=5471"}],"curies":[{"name":"wp","href":"https:\/\/api.w.org\/{rel}","templated":true}]}}